{"id":19,"date":"2011-02-05T14:41:52","date_gmt":"2011-02-05T12:41:52","guid":{"rendered":"http:\/\/abchaldus.ee\/?page_id=19"},"modified":"2022-05-02T16:40:40","modified_gmt":"2022-05-02T14:40:40","slug":"raamatupidamisteenus","status":"publish","type":"page","link":"https:\/\/abchaldus.ee\/?page_id=19","title":{"rendered":"Haldusteenus"},"content":{"rendered":"<p>\u2022 Personaalne kliendihaldur<br \/>\n\u2022 Majandustegevuse aastakava koostamine<br \/>\n\u2022 Koosolekute korraldamine<br \/>\n\u2022 Juhatuse n\u00f5ustamine haldusk\u00fcsimustes<br \/>\n\u2022 Korteriomanike jooksvate k\u00fcsimuste lahendamine<br \/>\n\u2022 Lepingute haldamine ja korteri\u00fchistu asjaajamine<br \/>\n\u2022 V\u00f5lglastega seotud kohtuv\u00e4line t\u00f6\u00f6<br \/>\n\u2022 N\u00e4itude kogumine korteriomanikelt<br \/>\n\u2022 N\u00e4itude v\u00f5tmine ja edastamine kommunaalteenuste tarnijatele<br \/>\n\u2022 Kulude anal\u00fc\u00fcs<br \/>\n\u2022 Aruandlus juhatusele ja \u00fcldkoosolekule<br \/>\n\u2022 Aastaaruande tegevusaruande koostamine<br \/>\n\u2022 Pisiremondit\u00f6\u00f6de organiseerimine<br \/>\n\u2022 Remontt\u00f6\u00f6de ja j\u00e4relevalve organiseerimine<br \/>\n\u2022 Remontt\u00f6\u00f6de rahastamise\u00a0organiseerimine ja n\u00f5ustamine laenu saamisel<br \/>\n\u2022 N\u00f5ustamine majakarbi kindlustamisel<\/p>\n","protected":false},"excerpt":{"rendered":"<p>\u2022 Personaalne kliendihaldur \u2022 Majandustegevuse aastakava koostamine \u2022 Koosolekute korraldamine \u2022 Juhatuse n\u00f5ustamine haldusk\u00fcsimustes \u2022 Korteriomanike jooksvate k\u00fcsimuste lahendamine \u2022 Lepingute haldamine ja korteri\u00fchistu asjaajamine \u2022 V\u00f5lglastega seotud kohtuv\u00e4line t\u00f6\u00f6 \u2022 N\u00e4itude kogumine korteriomanikelt \u2022 N\u00e4itude v\u00f5tmine ja edastamine kommunaalteenuste tarnijatele \u2022 Kulude anal\u00fc\u00fcs \u2022 Aruandlus juhatusele ja \u00fcldkoosolekule \u2022 Aastaaruande tegevusaruande koostamine \u2022 Pisiremondit\u00f6\u00f6de [&hellip;]<\/p>\n","protected":false},"author":1,"featured_media":0,"parent":0,"menu_order":2,"comment_status":"closed","ping_status":"closed","template":"","meta":{"footnotes":""},"class_list":["post-19","page","type-page","status-publish","hentry"],"_links":{"self":[{"href":"https:\/\/abchaldus.ee\/index.php?rest_route=\/wp\/v2\/pages\/19","targetHints":{"allow":["GET"]}}],"collection":[{"href":"https:\/\/abchaldus.ee\/index.php?rest_route=\/wp\/v2\/pages"}],"about":[{"href":"https:\/\/abchaldus.ee\/index.php?rest_route=\/wp\/v2\/types\/page"}],"author":[{"embeddable":true,"href":"https:\/\/abchaldus.ee\/index.php?rest_route=\/wp\/v2\/users\/1"}],"replies":[{"embeddable":true,"href":"https:\/\/abchaldus.ee\/index.php?rest_route=%2Fwp%2Fv2%2Fcomments&post=19"}],"version-history":[{"count":9,"href":"https:\/\/abchaldus.ee\/index.php?rest_route=\/wp\/v2\/pages\/19\/revisions"}],"predecessor-version":[{"id":186,"href":"https:\/\/abchaldus.ee\/index.php?rest_route=\/wp\/v2\/pages\/19\/revisions\/186"}],"wp:attachment":[{"href":"https:\/\/abchaldus.ee\/index.php?rest_route=%2Fwp%2Fv2%2Fmedia&parent=19"}],"curies":[{"name":"wp","href":"https:\/\/api.w.org\/{rel}","templated":true}]}}